e prime factors of 7961514189?
3, 2653838063
What are the prime factors of 290109161?
290109161
What are the prime factors of 186233411?
7, 13, 47, 43543
What are the prime factors of 929160066?
2, 3, 53, 1433, 2039
List the prime factors of 240416716.
2, 173, 263, 1321
List the prime factors of 218630834.
2, 19, 43, 133801
List the prime factors of 2175172256.
2, 113, 601541
What are the prime factors of 9137634613?
2851, 3205063
List the prime factors of 271850008.
2, 41, 828811
What are the prime factors of 176427270?
2, 3, 5, 1960303
What are the prime factors of 1834709676?
2, 3, 37, 4132229
List the prime factors of 799564552.
2, 163, 613163
List the prime factors of 1247631605.
5, 11, 2062201
List the prime factors of 121964263.
1427, 85469
List the prime factors of 25916924.
2, 11, 589021
List the prime factors of 120839350.
2, 5, 47, 51421
What are the prime factors of 14195700?
2, 3, 5, 15773
List the prime factors of 38181501.
3, 109, 38921
List the prime factors of 4634238.
2, 3, 7, 110339
What are the prime factors of 295753603?
295753603
What are the prime factors of 91565047?
7, 19, 23, 37, 809
What are the prime factors of 852684889?
7, 121812127
List the prime factors of 93438233.
7, 907, 14717
What are the prime factors of 14219381?
11, 449, 2879
What are the prime factors of 43300903?
89, 486527
What are the prime factors of 341492722?
2, 233, 732817
What are the prime factors of 744293601?
3, 31, 547, 4877
What are the prime factors of 45955481?
11, 13, 321367
List the prime factors of 328968677.
1601, 205477
List the prime factors of 570871273.
7, 257, 317327
List the prime factors of 51419560.
2, 5, 17, 75617
What are the prime factors of 65181313?
31, 2102623
What are the prime factors of 664530837?
3, 221510279
What are the prime factors of 1623254?
2, 811627
List the prime factors of 105784548.
2, 3, 8815379
What are the prime factors of 12200351?
12200351
What are the prime factors of 58316461?
7, 8330923
What are the prime factors of 9692524?
2, 2423131
List the prime factors of 5154781985.
5, 19, 229, 236947
List the prime factors of 17740702.
2, 7, 1267193
List the prime factors of 927985871.
927985871
What are the prime factors of 811019015?
5, 59, 239, 11503
What are the prime factors of 28378597?
13, 1049, 2081
What are the prime factors of 58186434?
2, 3, 9697739
List the prime factors of 2081985295.
5, 13, 127, 252209
What are the prime factors of 1388715532?
2, 347178883
List the prime factors of 16002114.
2, 3, 2667019
What are the prime factors of 10486345?
5, 71, 109, 271
List the prime factors of 161693066.
2, 47, 61, 163, 173
List the prime factors of 45510109.
853, 53353
List the prime factors of 4803002.
2, 2401501
What are the prime factors of 707631589?
7, 337, 42853
List the prime factors of 62757106.
2, 37, 223, 3803
What are the prime factors of 1030182711?
3, 17, 2711, 7451
What are the prime factors of 4872064883?
7, 696009269
What are the prime factors of 1703907609?
3, 37, 15350519
List the prime factors of 505723525.
5, 47, 127, 3389
List the prime factors of 1010721750.
2, 3, 5, 41, 32869
What are the prime factors of 1422463602?
2, 3, 7, 137, 233, 1061
List the prime factors of 1493821475.
5, 947, 63097
List the prime factors of 17051250.
2, 3, 5, 4547
What are the prime factors of 41659603?
337, 123619
What are the prime factors of 418424851?
13, 179, 179813
What are the prime factors of 1130049894?
2, 3, 5431, 34679
What are the prime factors of 29751670?
2, 5, 13, 228859
What are the prime factors of 1266885883?
17, 37, 2014127
List the prime factors of 2168662414.
2, 127, 2399, 3559
List the prime factors of 138883074.
2, 3, 11, 191299
List the prime factors of 99985484.
2, 24996371
List the prime factors of 31422398.
2, 7, 37, 60661
List the prime factors of 2427387.
3, 29, 27901
What are the prime factors of 65235916?
2, 16308979
What are the prime factors of 110409348?
2, 3, 7, 179, 1049
List the prime factors of 78047235.
3, 5, 7, 247769
List the prime factors of 1907206151.
1753, 1087967
List the prime factors of 401618213.
401618213
List the prime factors of 305613920.
2, 5, 1910087
What are the prime factors of 198369562?
2, 41, 257, 9413
List the prime factors of 514918364.
2, 421, 305771
List the prime factors of 171550892.
2, 29, 1478887
List the prime factors of 2833866145.
5, 11, 51524839
List the prime factors of 482831335.
5, 7, 83, 166207
List the prime factors of 5310628102.
2, 13, 23, 67, 132547
What are the prime factors of 360794700?
2, 3, 5, 7, 57269
What are the prime factors of 3520394125?
5, 1583, 17791
What are the prime factors of 184508737?
7, 23, 1039, 1103
List the prime factors of 87400945.
5, 2477, 7057
List the prime factors of 235848980.
2, 5, 43, 274243
What are the prime factors of 1052390883?
3, 31, 11316031
List the prime factors of 59248354.
2, 11, 2693107
What are the prime factors of 949289401?
17, 3389, 16477
What are the prime factors of 1521944517?
3, 19, 26700781
List the prime factors of 34143603.
3, 13, 875477
List the prime factors of 3094885827.
3, 11, 43, 80779
List the prime factors of 1388054311.
7, 1061, 26699
List the prime factors of 140869022.
2, 7, 31, 89, 521
What are the prime factors of 1431785450?
2, 5, 59, 485351
What are the prime factors of 2493851810?
2, 5, 29, 8599489
List the prime factors of 18960068.
2, 197, 24061
List the prime factors of 289476488.
2, 7, 467, 11069
List the prime factors of 17948399.
7, 2564057
What are the prime factors of 51368580?
2, 3, 5, 37, 857
List the prime factors of 4363488823.
4513, 966871
What are the prime factors of 47997502?
2, 7, 293, 11701
What are the prime factors of 197062406?
2, 269, 366287
List the prime factors of 1834798907.
191, 1319, 7283
List the prime factors of 70377036.
2, 3, 5864753
What are the prime factors of 121742044?
2, 19, 1601869
List the prime factors of 1778347.
1778347
What are the prime factors of 305107972?
2, 13, 23, 255107
List the prime factors of 245816560.
2, 5, 11, 279337
List the prime factors of 21036039.
3, 7012013
List the prime factors of 1292162080.
2, 5, 11, 23, 137, 233
List the prime factors of 23501509.
197, 119297
What are the prime factors of 1243039799?
79, 15734681
What are the prime factors of 47299288?
2, 389, 15199
List the prime factors of 386842034.
2, 157, 1231981
List the prime factors of 341845138.
2, 127, 571, 2357
What are the prime factors of 11617119?
3, 1290791
List the prime factors of 73887814.
2, 7, 11, 13, 17, 167
List the prime factors of 2222294200.
2, 5, 7, 211, 7523
List the prime factors of 489498503.
13, 2069, 18199
List the prime factors of 523392490.
2, 5, 53, 987533
List the prime factors of 129442694.
2, 769, 84163
List the prime factors of 151976507.
59, 223, 11551
List the prime factors of 58002932.
2, 13, 127, 8783
List the prime factors of 36761385.
3, 5, 2450759
What are the prime factors of 2662678881?
3, 23, 761, 16903
List the prime factors of 372604190.
2, 5, 7, 31, 171707
List the prime factors of 8374149.
3, 7, 17, 1117
List the prime factors of 3114568137.
3, 1038189379
List the prime factors of 285313356.
2, 3, 211, 37561
What are the prime factors of 1595396880?
2, 3, 5, 7, 11, 4111
List the prime factors of 460696324.
2, 11, 37, 43, 6581
List the prime factors of 52395344.
2, 29, 112921
List the prime factors of 260599427.
11, 23690857
What are the prime factors of 826417591?
47, 17583353
What are the prime factors of 893861?
281, 3181
What are the prime factors of 4292893?
11, 390263
What are the prime factors of 65656117?
919, 71443
What are the prime factors of 20022201?
3, 741563
What are the prime factors of 250920283?
241, 1041163
What are the prime factors of 84476317?
84476317
What are the prime factors of 145462119?
3, 11, 19, 101, 2297
What are the prime factors of 467974837?
11, 131, 324757
List the prime factors of 61199411.
7, 13, 672521
List the prime factors of 131163085.
5, 29, 904573
What are the prime factors of 2055690?
2, 3, 5, 7, 13, 251
What are the prime factors of 47497185?
3, 5, 23, 5099
List the prime factors of 279739322.
2, 1201, 116461
What are the prime factors of 18399286?
2, 37, 248639
List the prime factors of 4507492450.
2, 5, 5881, 15329
List the prime factor